5, 97, 14159
What are the prime factors of 669122961?
3, 13, 17156999
What are the prime factors of 459636919?
7, 3697, 17761
What are the prime factors of 218244359?
47, 4643497
What are the prime factors of 51013726?
2, 29, 149, 5903
List the prime factors of 1031693759.
151, 421, 16229
What are the prime factors of 200894661?
3, 11, 17, 4421
List the prime factors of 508867457.
7, 137, 293, 1811
What are the prime factors of 7282374721?
47, 154944143
List the prime factors of 211664359.
29, 47, 83, 1871
What are the prime factors of 59880868?
2, 17, 23, 38287
List the prime factors of 1103274919.
19, 1931, 30071
List the prime factors of 2903171658.
2, 3, 61, 137, 57899
List the prime factors of 41611355.
5, 67, 124213
List the prime factors of 763778071.
7, 53, 2058701
List the prime factors of 42231765.
3, 5, 31, 90821
What are the prime factors of 859476893?
11, 139, 307, 1831
What are the prime factors of 1535413980?
2, 3, 5, 79, 323927
What are the prime factors of 27176579?
263, 103333
What are the prime factors of 190289541?
3, 13, 19, 256801
What are the prime factors of 73601845?
5, 67, 219707
List the prime factors of 50289059.
43, 1169513
List the prime factors of 1932407346.
2, 3, 101, 3188791
What are the prime factors of 533333538?
2, 3, 167, 59141
List the prime factors of 559303038.
2, 3, 7, 19, 307, 761
List the prime factors of 4741039035.
3, 5, 105356423
What are the prime factors of 3054075975?
3, 5, 53, 85369
List the prime factors of 35747178.
2, 3, 191, 31193
What are the prime factors of 17983817?
1597, 11261
What are the prime factors of 1031585617?
2113, 488209
What are the prime factors of 64083948?
2, 3, 17, 314137
List the prime factors of 46545752.
2, 11, 528929
List the prime factors of 154798613.
1447, 106979
List the prime factors of 3354268246.
2, 7, 19, 1801433
What are the prime factors of 431975926?
2, 23, 9390781
What are the prime factors of 852047736?
2, 3, 35501989
What are the prime factors of 743438289?
3, 11, 19, 1185707
List the prime factors of 181425954.
2, 3, 859, 35201
List the prime factors of 144872048.
2, 47, 383, 503
What are the prime factors of 134181918?
2, 3, 13, 17, 89, 379
What are the prime factors of 1265150850?
2, 3, 5, 1373, 6143
List the prime factors of 138425637.
3, 7, 941671
What are the prime factors of 230194302?
2, 3, 13, 2951209
List the prime factors of 433217152.
2, 41, 82549
What are the prime factors of 1911528954?
2, 3, 106196053
What are the prime factors of 1803810464?
2, 127, 443851
What are the prime factors of 498087272?
2, 109, 571201
What are the prime factors of 252934525?
5, 103, 98227
List the prime factors of 734346741.
3, 1637, 149531
List the prime factors of 12571874.
2, 7, 17, 101, 523
What are the prime factors of 36672732?
2, 3, 197, 5171
What are the prime factors of 586945999?
239, 1091, 2251
What are the prime factors of 5097534565?
5, 1019506913
What are the prime factors of 1328380735?
5, 11, 24152377
What are the prime factors of 692361683?
13, 71, 750121
List the prime factors of 42068112.
2, 3, 37, 23687
List the prime factors of 73327097.
47, 83, 18797
What are the prime factors of 50777240?
2, 5, 787, 1613
What are the prime factors of 107965462?
2, 11, 97, 50593
What are the prime factors of 4249863942?
2, 3, 509, 1391573
List the prime factors of 9272751.
3, 31, 99707
What are the prime factors of 64681505?
5, 7, 1848043
What are the prime factors of 837449066?
2, 29, 31, 233, 1999
What are the prime factors of 123558801?
3, 41186267
What are the prime factors of 4304821962?
2, 3, 7, 683, 150067
What are the prime factors of 330265236?
2, 3, 7, 3931729
List the prime factors of 30717423.
3, 11, 67, 421
List the prime factors of 110779905.
3, 5, 17, 434431
List the prime factors of 1877827710.
2, 3, 5, 11, 1607, 3541
What are the prime factors of 377388330?
2, 3, 5, 11, 1143601
List the prime factors of 59769427.
67, 691, 1291
What are the prime factors of 156665756?
2, 13, 41, 73483
List the prime factors of 176613357.
3, 17, 47, 73681
List the prime factors of 113162480.
2, 5, 19, 74449
List the prime factors of 4744273690.
2, 5, 13, 36494413
What are the prime factors of 7624287554?
2, 13, 293241829
What are the prime factors of 2685913339?
2685913339
List the prime factors of 577539970.
2, 5, 7, 163, 1033
What are the prime factors of 2531891760?
2, 3, 5, 83, 127103
What are the prime factors of 705208350?
2, 3, 5, 7, 11, 61057
What are the prime factors of 27096584?
2, 19, 89, 2003
List the prime factors of 1895298355.
5, 19, 3319, 6011
List the prime factors of 8773906.
2, 229, 19157
What are the prime factors of 3015766593?
3, 7, 2279491
What are the prime factors of 225781280?
2, 5, 653, 2161
What are the prime factors of 312692442?
2, 3, 29, 109, 16487
List the prime factors of 2164259892.
2, 3, 180354991
List the prime factors of 463300001.
463300001
What are the prime factors of 37089407?
37089407
List the prime factors of 188160333.
3, 62720111
What are the prime factors of 8924803?
8924803
What are the prime factors of 1592330823?
3, 17, 73, 142567
What are the prime factors of 45232643?
45232643
What are the prime factors of 2602889174?
2, 419, 3106073
List the prime factors of 82207673.
37, 2221829
List the prime factors of 102837958.
2, 51418979
What are the prime factors of 626843104?
2, 23, 851689
What are the prime factors of 162606475?
5, 6504259
List the prime factors of 12013069.
12013069
List the prime factors of 749752415.
5, 149950483
List the prime factors of 1020339939.
3, 103, 3302071
List the prime factors of 104755408.
2, 6547213
What are the prime factors of 84610164?
2, 3, 89, 227, 349
List the prime factors of 10831348.
2, 11, 246167
What are the prime factors of 474296700?
2, 3, 5, 167, 9467
What are the prime factors of 30324915?
3, 5, 224629
List the prime factors of 1689133648.
2, 307, 367, 937
What are the prime factors of 20724211?
20724211
List the prime factors of 38520765.
3, 5, 227, 419
List the prime factors of 157440926.
2, 419, 187877
List the prime factors of 32540884.
2, 8135221
What are the prime factors of 2665439809?
17, 9277, 16901
List the prime factors of 1821712.
2, 41, 2777
List the prime factors of 468774421.
13967, 33563
What are the prime factors of 7811442?
2, 3, 31, 13999
What are the prime factors of 296151292?
2, 74037823
List the prime factors of 1015401054.
2, 3, 43, 109, 36107
What are the prime factors of 80531686?
2, 17, 2368579
What are the prime factors of 51155074?
2, 17, 71, 21191
What are the prime factors of 44519756?
2, 29, 383791
List the prime factors of 601360130.
2, 5, 7, 73, 137, 859
List the prime factors of 1633994209.
79, 20683471
List the prime factors of 480043074.
2, 3, 7, 23, 67, 7417
What are the prime factors of 320185468?
2, 80046367
List the prime factors of 4522210405.
5, 31, 29175551
What are the prime factors of 331975551?
3, 811, 136447
What are the prime factors of 2168969202?
2, 3, 71, 1697159
List the prime factors of 606139718.
2, 303069859
What are the prime factors of 6969046338?
2, 3, 5417, 71473
List the prime factors of 266001556.
2, 66500389
List the prime factors of 56726206.
2, 41, 811, 853
What are the prime factors of 1504364846?
2, 311, 467, 5179
What are the prime factors of 3141271871?
349, 9000779
List the prime factors of 295463147.
7, 42209021
List the prime factors of 775525636.
2, 31, 6254239
What are the prime factors of 1119471541?
1119471541
What are the prime factors of 439913313?
3, 7, 37, 41, 4603
List the prime factors of 1528677727.
23, 587, 113227
List the prime factors of 4480163494.
2, 3187, 702881
What are the prime factors of 74027832?
2, 3, 3084493
What are the prime factors of 128615646?
2, 3, 21435941
What are the prime factors of 163215669?
3, 3331, 16333
What are the prime factors of 44188367?
167, 264601
List the prime factors of 339007428.
2, 3, 47, 191, 1049
What are the prime factors of 191328486?
2, 3, 29, 1099589
What are the prime factors of 26500134?
2, 3, 4416689
What are the prime factors of 5901995032?
2, 1231, 599309
List the prime factors of 618130789.
618130789
What are the prime factors of 2581152735?
3, 5, 7, 53, 293, 1583
List the prime factors of 197860633.
197860633
What are the pri